 divided by a?
32
Let a = -5 - -8. Let i(z) = z**3 - z + 7. Calculate the remainder when 92 is divided by i(a).
30
Let n = -295 - -296. Let j(a) = a - 6. What is the remainder when j(10) is divided by n?
0
Let q be 1/(-3) + (-11)/3 - -7. Let n be (-2)/(-2) + 32/2. Suppose -q*a = -137 + n. Calculate the remainder when a is divided by 21.
19
Let p = -18 - -214. What is the remainder when p is divided by 25?
21
Suppose 5*b + m - 131 = 0, 0 = 5*b - 2*m + m - 139. What is the remainder when 316/6 - 40/60 is divided by b?
25
Suppose 2*k = -v, -2*v = -k - 1 + 11. What is the remainder when 148 is divided by k?
0
Suppose 0 = 3*z + 4*y - 16, 0 = -5*y + 6 + 14. Suppose z = -4*t + 12, -v + 4*t + 4 = -3. Calculate the remainder when 74 is divided by v.
17
Let p = 86 + 58. What is the remainder when p is divided by 26?
14
Let f be -27*(4 - (4 - 2)). Let p = f + 76. Suppose 5*u = 2*s - 5*s + 410, 2*u = 2*s + 180. What is the remainder when u is divided by p?
19
Suppose -183 = -5*t + 4*o - 14, t + 5*o - 28 = 0. Calculate the remainder when 130 is divided by t.
31
Let t = -12 - -14. Suppose -t*n + 3*n = 0. Suppose n = -3*c - c + 36. What is the remainder when 15 is divided by c?
6
Let b = 23 - -12. What is the remainder when 85 is divided by b?
15
Suppose -5*o + 2*n + 44 = -3*o, 91 = 4*o - 5*n. Calculate the remainder when 103 is divided by o.
8
Let f(p) = p + 37. Let n = 13 + -33. Let k = 5 + n. What is the remainder when 63 is divided by f(k)?
19
Let i(h) = -h + 39. Let d = -30 + 43. Let z = -5 + 14. Calculate the remainder when i(d) is divided by z.
8
Let g(t) = -t**2 - 33*t + 140. What is the remainder when g(-35) is divided by 21?
7
What is the remainder when 2/(-4) - (-423)/2 is divided by 57?
40
Suppose 3*p + 2 = 14, 184 = 5*o - 4*p. Suppose -o*y - 30 = -50*y. Suppose 2*j - 7 = 1. Calculate the remainder when j is divided by y.
1
Let k = 40 + 73. Calculate the remainder when k is divided by 38.
37
Let j be (-4)/3 + 66/9. Calculate the remainder when 161 is divided by 250/j - (-8)/(-12).
38
Suppose -s = -12*s - 539. Let t = 61 + s. What is the remainder when 22 is divided by t?
10
Let z be (16/2)/(3/(2 + -5)). Let o(a) = -2*a**2 - 24*a - 12. Calculate the remainder when o(z) is divided by (18/(-1))/(-1*1).
16
What is the remainder when (-9)/4*2436/(-63) is divided by (1/(-3))/(3/(-135))?
12
Suppose 17*j - 2156 = -626. What is the remainder when j is divided by 38?
14
Calculate the remainder when 212 is divided by 651/(-62)*(-16)/14.
8
Let m be 58 - 3/3*1. Let q be 17/(-3)*-1*m. Suppose -c + 366 - 49 = 5*i, 5*i = c + q. Calculate the remainder when i is divided by 22.
20
Let c = 40 - 37. Suppose -c*m - 60 = -6*m. Suppose 2*a + m - 26 = 0. What is the remainder when 3 is divided by a?
0
Let s(i) = i**3 + 9*i**2 + 2*i + 6. Let w be s(-9). Let y = 17 + w. Suppose 20 + 15 = 5*d. What is the remainder when d is divided by y?
2
Let z(s) be the first derivative of 1/4*s**4 + 8*s + 8 - 3*s**2 - 7/3*s**3. What is the remainder when 47 is divided by z(8)?
23
Let k = 31 - 13. Let z = -548 + 581. What is the remainder when z is divided by k?
15
Suppose -3*v + 707 = -4*b, -4*b - 10 - 10 = 0. Calculate the remainder when v is divided by 58.
55
Let w(v) = -3*v + 6. Let h be w(10). Let n = -25 - h. What is the remainder when 14 is divided by (2/(-3))/(n/6)?
2
Let n = 26 - 66. Calculate the remainder when n/5 + 4 + 74 is divided by 12.
10
Let k = -207 + 231. What is the remainder when 119 is divided by k?
23
Suppose 17*t - 5440 = -3*t. What is the remainder when t is divided by 21?
20
Let a(j) = j**2 + 11*j - 79. What is the remainder when 80 is divided by a(-17)?
11
Let l = -1195 + 1372. What is the remainder when l is divided by 15?
12
Let u = -12 - -26. Suppose -2*h - 4*f + 2 = -u, 2*h + 5*f - 15 = 0. Let v = 29 + -10. Calculate the remainder when v is divided by h.
9
Let l = 182 + -157. Calculate the remainder when 124 is divided by l.
24
What is the remainder when 63 is divided by (-84)/10*5/(-3) + -5?
0
Let w(u) = -u**3 + 8*u**2 - 3*u - 13. Let b be w(7). Suppose 5*t = -b, -t = 3*k + 2*t - 48. What is the remainder when 49 is divided by k?
11
Suppose 4*l = -4*t + 1356, 5*l = 3*t + 4*l - 1017. What is the remainder when t is divided by 10?
9
Suppose -q + 72 = 3*b, -q = 4*b - 57 - 40. Calculate the remainder when 69 is divided by b.
19
Let j(m) = -m**2 + 18*m - 1. Let b be j(18). Calculate the remainder when 55 is divided by (-6)/(b + 3/6).
7
Suppose -40 = 4*x - 5*x - 4*p, 4*x = 3*p + 122. Suppose -17 = 4*w - 85. What is the remainder when x is divided by w?
15
Let g = 121 + 18. What is the remainder when g is divided by 59?
21
Suppose 4*y = 4*g - 2*g - 22, 5*g + y - 11 = 0. What is the remainder when 25 is divided by ((-15)/2)/(g/(-4) + 0)?
5
What is the remainder when 355 is divided by 309/15 - (-56)/140?
19
Suppose -135 = -5*d - 5*c, -2*d - 14*c + 53 = -11*c. Calculate the remainder when 71 is divided by d.
15
Suppose 5*l - 41 = -16. Suppose 0 = -l*p - m + 24, 2*p + m - 5*m = -8. Suppose 4*n + 2*v = -0*n, n - 14 = 3*v. Calculate the remainder when p is divided by n.
0
Let d = -95 - -100. Let p(l) = l**2 - 6*l + 8. Calculate the remainder when 22 is divided by p(d).
1
Let b = 0 - 27. Let w be (b + 3)/((-4)/10). Suppose o + 0*o + 2*r - w = 0, -345 = -5*o + 5*r. Calculate the remainder when o is divided by 17.
15
Suppose -2*v - 10 = 3*i, 5*i - v + 6*v = -25. Suppose -h + 5*h = i. Let p(q) = -q + 14. What is the remainder when 55 is divided by p(h)?
13
Let r(l) = 4*l**2 - l + 2. Calculate the remainder when r(6) is divided by (-196)/(-8) + (-2)/4.
20
Suppose 4*h + 7 = -5. Suppose 179 = 5*o - 46. What is the remainder when 59 is divided by 2/h*o/(-2)?
14
Suppose 4*a - 2*l - 10 = 0, -3*l - 28 = -4*a - 7*l. Suppose 0 = a*h - 4 - 56. What is the remainder when 58 is divided by h?
13
Let s(i) = -i**2 - 21*i + 12. Let z = 92 + -81. Calculate the remainder when s(-21) is divided by z.
1
Let i = 2135 - 2088. What is the remainder when 59 is divided by i?
12
Let l(o) = -o**3 + 16*o**2 + 57*o + 10. Let w be l(19). Suppose -3*h + 15 = 0, 6*q + 133 = w*q + 5*h. Calculate the remainder when 77 is divided by q.
23
Suppose 2*u - 90 = -3*u. Suppose 408 = 278*f - 270*f. What is the remainder when f is divided by u?
15
Let q(v) = 2*v**2 - 20*v - 59. Calculate the remainder when 57 is divided by q(-3).
0
Let h = -9 + 20. What is the remainder when 38 + (35/14 - 6/(-12)) is divided by h?
8
Let f(h) = 2*h**2 + 2*h - 1. Let s = -76 - -72. Calculate the remainder when 66 is divided by f(s).
20
Let b(j) = -13*j + 20. Let i be b(8). Calculate the remainder when 25 is divided by 28/i - (-1 + (-98)/6).
8
Suppose -5*z + 15 = -0*z, 5*j - 4*z + 2 = 0. Suppose 0 = 4*o + g - 5*g - 64, g - 20 = -j*o. What is the remainder when 47 is divided by o?
11
Suppose i + 68 = -i. What is the remainder when 101/2 - (-2)/(-4) is divided by (i/(-6) - 5)/(1/39)?
24
Suppose h = 1, 11*i - 7*i = 5*h + 63. Suppose 3*u = -t - 15, 0 = 5*u - 2*t - 3 + 39. Let y = u - -16. What is the remainder when i is divided by y?
7
Let s(u) = 10 - 13 + 5*u + 7 - u**2. Let d be s(-5). Let j = 68 + d. What is the remainder when 43 is divided by j?
21
What is the remainder when 93 is divided by (8 + 52 + -10)/2?
18
Let j = -2 - -8. Suppose 3*i = -k + 26, 3*k - j*k + 68 = 4*i. Calculate the remainder when 117 is divided by k.
17
Let u = -12 - -15. Let g be (-21)/u*(-36)/(-42). What is the remainder when 668/12 - (-4)/g is divided by 14?
13
Let b(q) = -q**3 - 3*q**2 + 3*q + 1. Suppose 0 = -26*u - 5*u + 279. What is the remainder when u is divided by b(-4)?
4
Let b(r) = -r**3 + r**2 - r - 3. Let o be b(0). Let v be (o/12)/((-1)/4). Suppose -t + 8 = -v. What is the remainder when 25 is divided by t?
7
Suppose -h - 2*h + 6 = 0. Suppose h*y - 30 = -0*y. Let q = -133 + 191. Calculate the remainder when q is divided by y.
13
Suppose -2*b = -0*b - 4. Suppose b*x + 48 = 4*x - 4*z, -z = 0. Calculate the remainder when x is divided by 10.
4
Suppose -261 = -3*b + y, 2*b = 2*y + 211 - 41. What is the remainder when 966 is divided by b?
86
Let f(n) = 2*n**2 - 29*n - 10. Let u be f(15). Suppose -5*j = -5*g + 20, 4*j - u = -g + 2*g. Calculate the remainder when 55 is divided by g.
6
Let k(g) = -g**3 - 8*g**2 + 6*g - 8. Suppose -2*u = 2 + 16. Calcul